5/(-35). List the prime factors of p(n).
2, 3, 53
Let r = 16 + -25. Let i(y) = -2*y**2 - 17*y + 13. Let s be i(r). Suppose 156 = 2*l + 2*u - s*u, 0 = -2*l + u + 158. List the prime factors of l.
2, 5
Let g = -377 + 410. Let f = g + 806. List the prime factors of f.
839
Let j(n) be the first derivative of -n**4/4 - n**3/3 + 11*n**2/2 + 5*n + 5. Let b be j(5). What are the prime factors of (0 + -2)*b + -4?
2, 11
Let m = -42658 - -69576. List the prime factors of m.
2, 43, 313
Let t be (9/2)/((14/(-4))/7). Let h(z) = -2*z**3 - 11*z**2 + 7*z - 25. List the prime factors of h(t).
479
Let z be 0 - (-1173)/(-8) - (-3)/(-8). Let w = -65 - z. What are the prime factors of w?
2, 41
Let b(q) = -q + 15. Let v be b(10). Suppose 0*c + 5970 = v*c. What are the prime factors of c/18 - 2/6?
2, 3, 11
Suppose 4*i - 3*l = -79 + 1964, -2*i + 4*l = -940. Let s = i + -386. What are the prime factors of s?
2, 43
List the prime factors of (202215/(-91) + 13)/(6/(-42)).
2, 1933
Let t = -6097 + 21748. List the prime factors of t.
3, 37, 47
Let g(f) = 178*f**2 - 12*f + 22. Suppose -123 = 2*k - 127. What are the prime factors of g(k)?
2, 5, 71
Let f(n) = n**3 - 13*n**2 - 35*n + 80. Let g be f(15). Suppose -4 = -g*m + 6, 3120 = 2*l + 5*m. What are the prime factors of l?
5, 311
Let c = -345 - -242. Let j = c + 61. Let v = 29 - j. List the prime factors of v.
71
Let i(s) = -5*s**3 + 9*s**2 + 8*s + 51. Let w(a) = -a**3 - a**2 - a - 1. Let j(v) = i(v) - 4*w(v). List the prime factors of j(11).
3, 11, 13
Let g = -41 + 41. Suppose 4*l + o - 34 = g, -3*o - 8 = -2*l - 8*o. Suppose -6*y - 363 = -l*y. List the prime factors of y.
11
Suppose 2*y - 2088 = -6*y. Suppose -y*b + 260*b = -136. Suppose 2*a = 6*a - b. What are the prime factors of a?
2, 17
Let m be (-130)/(-2) + 14 + -17. Let w = m + -34. Suppose 0 = -2*k + w + 16. List the prime factors of k.
2, 11
Let l(o) be the third derivative of o**6/15 - o**5/20 - o**4/12 + 5*o**3/6 - 9*o**2. Let t be l(3). Suppose -t = 3*x - 7*x. What are the prime factors of x?
47
Suppose 142*w = 83*w + 634958. List the prime factors of w.
2, 5381
Let r be 10 + -8 - (-4 + 1). Suppose 0 = -2*p - r*a + 63, 4*p + 3*a = 114 - 23. Suppose -21*s = -p*s - 430. What are the prime factors of s?
5, 43
List the prime factors of 6/(-12)*(-50532 - 20).
2, 71, 89
Let d(y) = -3*y. Let u(c) = 58*c + 152. Let t(v) = -6*d(v) - u(v). What are the prime factors of t(-14)?
2, 3, 17
Let s(c) = c**3 - 2*c**2 - 14*c + 31. Let z = -509 - -516. What are the prime factors of s(z)?
2, 89
Let o = 58867 - 9659. List the prime factors of o.
2, 6151
Let l = -3805 - -8328. What are the prime factors of l?
4523
Let u be -3*(22/6 + -2 - 1). What are the prime factors of 98*(u + (1 - -3))?
2, 7
Let w(j) be the first derivative of -29*j**2/2 + 10*j - 1. Let i(u) = u**3 + 3*u**2 - u - 6. Let h be i(-3). What are the prime factors of w(h)?
97
Let i(d) = d**2 - 3*d + 4. Let t be i(3). Suppose t*g + q + q + 44 = 0, 3*g + 5*q + 40 = 0. What are the prime factors of 69 + (15/g)/(2/4)?
2, 3, 11
List the prime factors of (-45)/(-120) + (-173149)/(-8) + -9.
5, 4327
Let n(d) be the second derivative of d**3/3 + 17*d**2/2 + 15*d. Let w be n(-7). Suppose w*b + 2 = -3*i + 428, -5*b = 4*i - 565. What are the prime factors of i?
5, 29
Suppose -3*h = 3*p + 195, 0 = h - 0*p + 3*p + 71. Let g = h + 67. Suppose g*w - 2*w = 57. What are the prime factors of w?
19
Suppose 2*q + 450 = 2*m, 4*m = 9*q - 4*q + 899. What are the prime factors of m?
2, 113
Let c(x) = -596*x - 289. List the prime factors of c(-7).
11, 353
Suppose -2*p = -4*s - 20, -18*s = 3*p - 16*s - 6. Suppose -p*o - i = -3119, -i - 2312 = -3*o + 22. What are the prime factors of o?
19, 41
Let p(x) = x**3 - 887*x + 38*x**2 + 27 - 895*x + 1813*x. What are the prime factors of p(-37)?
3, 83
Let t(m) = 425*m**2 + 11*m - 47. What are the prime factors of t(5)?
7, 31
Suppose 0 = 13*j - 8*j. Suppose -60 = -6*h - j*h. List the prime factors of -25*((-6)/h)/3.
5
List the prime factors of (12/((-48)/27614))/(6/(-4) + 1).
13807
Let u = -7083 - -10107. List the prime factors of u.
2, 3, 7
Let t(g) = -4*g**2 - 5*g + 3. Let d be t(-2). What are the prime factors of (-1)/3*(6 + -1215) - d?
2, 7, 29
Let l be (129 + -127)/((-2)/(-1999)). Suppose 1166 = 3*h - l. What are the prime factors of h?
5, 211
Let p be -4 + (-352)/(-28) + 15/35. Suppose -p*f + 20*f - 5280 = 0. List the prime factors of f.
2, 3, 5
Suppose 4*z + 0*z + 104 = 0. Let i = 421 - 567. Let h = z - i. What are the prime factors of h?
2, 3, 5
Suppose -10166 + 33772 = p - 5*w, -2*p = 4*w - 47282. What are the prime factors of p?
3, 7877
What are the prime factors of -4 - (-282680)/28 - ((-16)/(-14))/(-4)?
2, 3, 29
Let d = 91 + -84. Let b(y) = 10*y**2 + 11*y - 73. List the prime factors of b(d).
2, 13, 19
Suppose -26*y + 14*y = 11*y - 23805. What are the prime factors of y?
3, 5, 23
What are the prime factors of (-1 - (13 - 26)) + 11880?
2, 3, 991
Suppose 9*x - 60973 = 40196. Suppose -9835 = -22*m + x. What are the prime factors of m?
2, 479
Suppose 18 = 2*k + 2*m, 4*m + 7 = 4*k + 3. Suppose 2*a + 7*f = 2*f + 768, 1954 = k*a + 4*f. What are the prime factors of a?
2, 197
Suppose -5*f + 644 = -3*f - 4*a, 0 = -3*a - 3. Let j = f + -259. List the prime factors of j.
61
Let r = -182 + -31. Let n = r + 321. List the prime factors of n.
2, 3
Let b = -2508 + 5148. Suppose -q + 5*r + 660 = 0, -4*q + 5*r + b = -0*q. What are the prime factors of q?
2, 3, 5, 11
Suppose -3*n - 66786 = -3*l - n, 4*l - n - 89048 = 0. List the prime factors of l.
2, 11131
Suppose -2*z = 2*x + 30, -4*x - 38 - 22 = 5*z. What are the prime factors of (12972/20 - -6) + (-6)/x?
5, 131
Suppose 5*q + 213 = 4*q. Let z(w) = -26*w - 307. Let v be z(-26). Let r = q + v. What are the prime factors of r?
2, 3, 13
Let x(b) be the first derivative of 1/4*b**4 + 22 + 16*b - 2*b**3 - 6*b**2. List the prime factors of x(8).
2, 3
What are the prime factors of (-1 + 3064/(-10))/(((-12)/15)/4)?
29, 53
Let n(r) = 8 - 74 + 25 + 7*r**2 + 24 - 133*r. What are the prime factors of n(22)?
5, 89
Let m be ((-24)/(-20))/(4/10). Let f be (10/14)/((-54)/(-378)). What are the prime factors of (f/(-15))/(m/(-351))?
3, 13
Suppose 0 = 616*a - 572*a - 2399848. What are the prime factors of a?
2, 27271
Suppose -4*n = 5*y - 6*n - 33, 0 = 5*y + 5*n - 5. Suppose 4*f + r - 335 = 0, 3*r = -y + 2. Suppose -u + 20 = -f. What are the prime factors of u?
2, 13
Let f(j) = 62*j + 6. Let l be f(-6). Let o = 1637 + l. What are the prime factors of o?
31, 41
Let b(l) = l**2 - 12*l + 45. Let m be b(22). Let t = m + -178. List the prime factors of t.
3, 29
Let i(f) = -27*f**3 + 10*f**2 + 15*f. Let y be i(-2). Suppose -x = 2*x - 441. Let p = y - x. List the prime factors of p.
79
Let i(m) = 10*m - 4*m + 8 + 19 + 6*m. Let p be i(9). Suppose p = 2*l + l. List the prime factors of l.
3, 5
Let b(c) = -4*c**3 + 29*c**2 + 29*c + 1. Let x(q) = -5*q**3 + 28*q**2 + 30*q - 1. Let d(v) = 7*b(v) - 6*x(v). List the prime factors of d(-16).
7, 59
Suppose -2*w - d = 30, -d - 2*d = -4*w - 70. What are the prime factors of -5 - 0 - 432/w?
2, 11
Let b(c) be the first derivative of 172*c**3/3 - 7*c**2/2 - 11*c + 7. What are the prime factors of b(-2)?
691
Let j be (3 - (1 + 6)) + 51. Suppose 51*g = j*g + 464. Suppose -65*z + 63*z = -g. What are the prime factors of z?
2, 29
Let q be -2 + 1 - (-16 - (-3 - 2)). Suppose 2*n = -q*n + 2520. What are the prime factors of n?
2, 3, 5, 7
Let m(l) = -l**3 + 48*l**2 - 124*l - 405. What are the prime factors of m(32)?
12011
Suppose -29 = 2*r - 79. Suppose 3*w + 3*d - 30 = 0, 4*w - 2*w + 3*d - r = 0. What are the prime factors of 43/((0 - w)/(-25))?
5, 43
Let u(x) = 2*x - 31. Let z be u(16). Let r be -1 + (-348)/(z - 4). Let f = -92 + r. What are the prime factors of f?
23
Suppose 0 = -4*k + 901 + 235. Suppose -3*f + k = 3*h - 379, -4*f = -5*h - 902. What are the prime factors of f?
223
Let v(x) = 90*x - 24. Suppose 21*n + 184 = 44*n. What are the prime factors of v(n)?
2, 3, 29
Suppose -2*w + 28 + 94 = 0. Suppose 0 = 5*d - 4*r - w, -2*d + 4*r = -r - 21. List the prime factors of 13/(d/12)*2.
2, 3
Let j = -16838 - -31672. List the prime factors of j.
2, 7417
Suppose 3*u = 3*h + 27, u - 17 = -2*u + h. Suppose -891 = -2*m - 0*m - 5*o, u*o = 4*m - 1852. List th